{"id":1177,"date":"2024-02-29T20:24:14","date_gmt":"2024-02-29T20:24:14","guid":{"rendered":"https:\/\/gea-com.hr\/?page_id=1177"},"modified":"2024-03-02T02:12:45","modified_gmt":"2024-03-02T02:12:45","slug":"projekti","status":"publish","type":"page","link":"https:\/\/gea-com.hr\/?page_id=1177","title":{"rendered":"Projekti"},"content":{"rendered":"\n<div class=\"wp-block-uagb-container uagb-block-f66aa926 alignfull uagb-is-root-container\"><div class=\"uagb-container-inner-blocks-wrap\">\n<div class=\"wp-block-uagb-info-box uagb-block-87fca126 uagb-infobox__content-wrap  uagb-infobox-icon-above-title uagb-infobox-image-valign-top\"><div class=\"uagb-ifb-content\"><div class=\"uagb-ifb-title-wrap\"><div class=\"uagb-ifb-separator\"><\/div><h1 class=\"uagb-ifb-title\">Projekti<\/h1><\/div><\/div><\/div>\n<\/div><\/div>\n\n\n\n<div class=\"wp-block-uagb-container uagb-block-71a1159f alignfull uagb-is-root-container\"><div class=\"uagb-container-inner-blocks-wrap\">\n<div id=\"projekti\" class=\"wp-block-uagb-container uagb-block-00f53ba8\">\n<div class=\"wp-block-uagb-container uagb-block-fe8310a8\">\n<div class=\"wp-block-uagb-info-box uagb-block-f6212ae7 uagb-infobox__content-wrap  uagb-infobox-icon-above-title uagb-infobox-image-valign-top\"><div class=\"uagb-ifb-content\"><div class=\"uagb-ifb-title-wrap\"><div class=\"uagb-ifb-separator\"><\/div><h2 class=\"uagb-ifb-title\">Projekti<\/h2><\/div><\/div><\/div>\n<\/div>\n\n\n\n<div class=\"wp-block-uagb-container uagb-block-bd2179b8\">\n<div class=\"wp-block-columns is-layout-flex wp-container-core-columns-is-layout-28f84493 wp-block-columns-is-layout-flex\">\n<div class=\"wp-block-column is-layout-flow wp-container-core-column-is-layout-7fd99fea wp-block-column-is-layout-flow\" style=\"padding-top:var(--wp--preset--spacing--50);padding-bottom:var(--wp--preset--spacing--50);flex-basis:100%\">\n<div class=\"wp-block-columns is-layout-flex wp-container-core-columns-is-layout-28f84493 wp-block-columns-is-layout-flex\">\n<div class=\"wp-block-column is-layout-flow wp-block-column-is-layout-flow\">\n<figure class=\"wp-block-image size-full is-resized\"><img loading=\"lazy\" decoding=\"async\" width=\"600\" height=\"401\" src=\"http:\/\/gea-com.hr\/wp-content\/uploads\/2024\/03\/normal-reproduction-low-resolution.jpg\" alt=\"zastava_eu\" class=\"wp-image-1189\" style=\"object-fit:contain;width:256px;height:86px\" srcset=\"https:\/\/gea-com.hr\/wp-content\/uploads\/2024\/03\/normal-reproduction-low-resolution.jpg 600w, https:\/\/gea-com.hr\/wp-content\/uploads\/2024\/03\/normal-reproduction-low-resolution-300x201.jpg 300w\" sizes=\"auto, (max-width: 600px) 100vw, 600px\" \/><\/figure>\n<\/div>\n\n\n\n<div class=\"wp-block-column is-vertically-aligned-center is-layout-flow wp-block-column-is-layout-flow\">\n<div class=\"wp-block-uagb-image uagb-block-9f15e9c3 wp-block-uagb-image--layout-default wp-block-uagb-image--effect-static wp-block-uagb-image--align-none\"><figure class=\"wp-block-uagb-image__figure\"><img decoding=\"async\" srcset=\"https:\/\/gea-com.hr\/wp-content\/uploads\/2024\/03\/OPKK-300x80-1.png ,https:\/\/gea-com.hr\/wp-content\/uploads\/2024\/03\/OPKK-300x80-1.png 780w, https:\/\/gea-com.hr\/wp-content\/uploads\/2024\/03\/OPKK-300x80-1.png 360w\" sizes=\"auto, (max-width: 480px) 150px\" src=\"https:\/\/gea-com.hr\/wp-content\/uploads\/2024\/03\/OPKK-300x80-1.png\" alt=\"\" class=\"uag-image-1195\" width=\"300\" height=\"80\" title=\"\" loading=\"lazy\"\/><\/figure><\/div>\n<\/div>\n\n\n\n<div class=\"wp-block-column is-vertically-aligned-center is-layout-flow wp-block-column-is-layout-flow\">\n<figure class=\"wp-block-image size-full is-style-default\"><img loading=\"lazy\" decoding=\"async\" width=\"330\" height=\"108\" src=\"http:\/\/gea-com.hr\/wp-content\/uploads\/2024\/03\/logo.gif\" alt=\"\" class=\"wp-image-1187\"\/><\/figure>\n<\/div>\n<\/div>\n\n\n\n<p class=\"has-medium-font-size\"><strong>Projekt je sufinancirala Europska unija iz Europskog fonda za regionalni razvoj<\/strong><\/p>\n<\/div>\n<\/div>\n\n\n\n<p class=\"has-medium-font-size\"><strong>Naziv projekta<\/strong><\/p>\n\n\n\n<p class=\"has-medium-font-size\">Iskoristivost beta glukana i drugih imunomodulatora iz ostataka \u0161ampinjona i industrijske konoplje u ekolo\u0161kom uzgoju \u017eivotinja i ponudi njihovih produkata za ljudsku prehranu<\/p>\n\n\n\n<p class=\"has-medium-font-size\"><strong>Kod projekta<\/strong><\/p>\n\n\n\n<p class=\"has-medium-font-size\">KK.01.2.1.02.0293<\/p>\n\n\n\n<p class=\"has-medium-font-size\"><strong>Korisnik:<\/strong> GEA-COM d.o.o.<\/p>\n\n\n\n<p class=\"has-medium-font-size\"><strong>Partner:<\/strong> Sveu\u010dili\u0161te u Zagrebu Veterinarski fakultet<\/p>\n\n\n\n<p class=\"has-medium-font-size\"><strong>Kratki opis projekta<\/strong><\/p>\n\n\n\n<p class=\"has-medium-font-size\">Realizacija projekta omogu\u0107ila je razvoj proizvoda u obliku funkcionalnog dodatka prehrani koji omogu\u0107ava prirodnu i zdravu prehranu \u017eivotinja, a s krajnjim ciljem prirodne, zdrave i ekolo\u0161ke prehrane ljudi namirnicama od tih \u017eivotinja.<\/p>\n\n\n\n<p class=\"has-medium-font-size\">Tako\u0111er, projekt je omogu\u0107io stvaranje sinergije izme\u0111u poslovne i akademske zajednice u kojoj one zajedno mogu stvoriti rezultate od zna\u010dajnog interesa za \u0161iru zajednicu.<\/p>\n\n\n\n<p class=\"has-medium-font-size\"><strong>Ciljevi i o\u010dekivani rezultati projekta<\/strong><\/p>\n\n\n\n<p class=\"has-medium-font-size\">Cilj projekta bio je rje\u0161avanje problema neiskori\u0161tenosti ostataka od proizvodnje gljiva kod njihovih proizvo\u0111a\u010da koji nisu pogodni za ljudsku prehranu i koji tro\u0161kovno optere\u0107uju proizvodnju jer predstavljaju komercijalno neiskori\u0161teni bio-otpad. Navedeno je ostvareno omogu\u0107avanjem tr\u017ei\u0161nog plasmana u segmentu prehrane \u017eivotinja u uzgoju za ljudsku prehranu. Budu\u0107i da gljive posjeduju brojne nutritivne kvalitete i istra\u017eivanjem potvr\u0111ena ljekovita svojstva, cilj je bio da se njihovim uklju\u010divanjem kao funkcionalnog dodatka hrani za \u017eivotinje u uzgoju za ljudsku prehranu u kona\u010dnici omogu\u0107i kvalitetna prehrana ljudi namirnicama \u017eivotinjskog porijekla.<\/p>\n\n\n\n<p class=\"has-medium-font-size\">Ulaganje u istra\u017eivanje i razvoj Korisnika kroz predmetni projekt doprinio je pove\u0107anju evidentiranog ulaganja u istra\u017eivanje i razvoj u odnosu na zadnje odobreno ra\u010dunovodstveno razdoblje te kreiranju novih radnih mjesta proiza\u0161lih iz s predmeta istra\u017eivanja povezanog sa S3 tematskim podru\u010djem Odr\u017eiva proizvodnja i prerada hrane. U periodu od 3 godine nakon zavr\u0161etka projekta (2026. godine) u odnosu na 2019. godinu o\u010dekuje se:<\/p>\n\n\n\n<p class=\"has-medium-font-size\">&#8211; Zapo\u0161ljavanje minimalno 3 nova djelatnika na ekvivalent punog radnog vremena<\/p>\n\n\n\n<p class=\"has-medium-font-size\">&#8211; Pove\u0107anje prihoda od prodaje za minimalno 20%<\/p>\n\n\n\n<p class=\"has-medium-font-size\">&#8211; Pove\u0107anje prihoda od izvoza za 100%<\/p>\n\n\n\n<p class=\"has-medium-font-size\">&#8211; Pove\u0107anje ulaganja u istra\u017eivanje i razvoj u zadnjoj godini projekta u odnosu na ulaganje u zadnjem ra\u010dunovodstvenom razdoblju bit \u0107e 100%.<\/p>\n\n\n\n<p class=\"has-medium-font-size\">Projekt je izravno doprinio postizanju pokazatelja Poziva kroz:<\/p>\n\n\n\n<p class=\"has-medium-font-size\">&#8211; pove\u0107anje broja novih proizvoda u S3 podru\u010djima<\/p>\n\n\n\n<p class=\"has-medium-font-size\">&#8211; podno\u0161enje&nbsp; prijave za\u0161tite intelektualnog vlasni\u0161tva<\/p>\n\n\n\n<p class=\"has-medium-font-size\">&#8211; pove\u0107anje broja poduze\u0107a koja sura\u0111uju s istra\u017eiva\u010dkim institucijama<\/p>\n\n\n\n<p class=\"has-medium-font-size\">&#8211; kori\u0161tenje privatnog kapitala kao dodatka EU javnim sredstvima.<\/p>\n\n\n\n<p class=\"has-medium-font-size\"><strong>Ukupna vrijednost projekta: <\/strong>1.298.690,90 \u20ac<\/p>\n\n\n\n<p class=\"has-medium-font-size\"><strong>Iznos koji sufinancira EU: <\/strong>802.729,38 \u20ac<\/p>\n\n\n\n<p class=\"has-medium-font-size\"><strong>Razdoblje provedbe projekta: <\/strong>1. rujna 2020. \u2013 31. prosinca 2023.<\/p>\n\n\n\n<p class=\"has-medium-font-size\"><strong>Kontakt za vi\u0161e informacija: <\/strong><a href=\"mailto:mario.zivkovic@gea-com.hr\">mario.zivkovic@gea-com.hr<\/a><\/p>\n\n\n\n<p class=\"has-medium-font-size\"><strong>Korisni linkovi:<\/strong><\/p>\n\n\n\n<ul class=\"wp-block-list\">\n<li class=\"has-medium-font-size\"><a href=\"http:\/\/www.strukturnifondovi.hr\">www.strukturnifondovi.hr<\/a><\/li>\n\n\n\n<li class=\"has-medium-font-size\"><a href=\"https:\/\/strukturnifondovi.hr\/eu-fondovi\/esi-fondovi-2014-2020\/op-konkurentnost-i-kohezija\/\">www.strukturnifondovi.hr\/eu-fondovi\/esi-fondovi-2014-2020\/op-konkurentnost-i-kohezija\/<\/a>\u00a0<\/li>\n<\/ul>\n<\/div>\n<\/div>\n<\/div><\/div>\n\n\n\n<p><\/p>\n","protected":false},"excerpt":{"rendered":"<p>Projekt je sufinancirala Europska unija iz Europskog fonda za regionalni razvoj Naziv projekta Iskoristivost beta glukana i drugih imunomodulatora iz ostataka \u0161ampinjona i industrijske konoplje u ekolo\u0161kom uzgoju \u017eivotinja i ponudi njihovih produkata za ljudsku prehranu Kod projekta KK.01.2.1.02.0293 Korisnik: GEA-COM d.o.o. Partner: Sveu\u010dili\u0161te u Zagrebu Veterinarski fakultet Kratki opis projekta Realizacija projekta omogu\u0107ila je &hellip;<\/p>\n<p class=\"read-more\"> <a class=\"\" href=\"https:\/\/gea-com.hr\/?page_id=1177\"> <span class=\"screen-reader-text\">Projekti<\/span> Read More &raquo;<\/a><\/p>\n","protected":false},"author":1,"featured_media":0,"parent":0,"menu_order":0,"comment_status":"closed","ping_status":"closed","template":"","meta":{"_eb_attr":"","_uag_custom_page_level_css":"","site-sidebar-layout":"default","site-content-layout":"plain-container","ast-site-content-layout":"normal-width-container","site-content-style":"unboxed","site-sidebar-style":"unboxed","ast-global-header-display":"","ast-banner-title-visibility":"","ast-main-header-display":"","ast-hfb-above-header-display":"","ast-hfb-below-header-display":"","ast-hfb-mobile-header-display":"","site-post-title":"disabled","ast-breadcrumbs-content":"","ast-featured-img":"","footer-sml-layout":"","theme-transparent-header-meta":"enabled","adv-header-id-meta":"","stick-header-meta":"","header-above-stick-meta":"","header-main-stick-meta":"","header-below-stick-meta":"","astra-migrate-meta-layouts":"set","ast-page-background-enabled":"default","ast-page-background-meta":{"desktop":{"background-color":"","background-image":"","background-repeat":"repeat","background-position":"center center","background-size":"auto","background-attachment":"scroll","background-type":"","background-media":"","overlay-type":"","overlay-color":"","overlay-gradient":""},"tablet":{"background-color":"","background-image":"","background-repeat":"repeat","background-position":"center center","background-size":"auto","background-attachment":"scroll","background-type":"","background-media":"","overlay-type":"","overlay-color":"","overlay-gradient":""},"mobile":{"background-color":"","background-image":"","background-repeat":"repeat","background-position":"center center","background-size":"auto","background-attachment":"scroll","background-type":"","background-media":"","overlay-type":"","overlay-color":"","overlay-gradient":""}},"ast-content-background-meta":{"desktop":{"background-color":"var(--ast-global-color-5)","background-image":"","background-repeat":"repeat","background-position":"center center","background-size":"auto","background-attachment":"scroll","background-type":"","background-media":"","overlay-type":"","overlay-color":"","overlay-gradient":""},"tablet":{"background-color":"var(--ast-global-color-5)","background-image":"","background-repeat":"repeat","background-position":"center center","background-size":"auto","background-attachment":"scroll","background-type":"","background-media":"","overlay-type":"","overlay-color":"","overlay-gradient":""},"mobile":{"background-color":"var(--ast-global-color-5)","background-image":"","background-repeat":"repeat","background-position":"center center","background-size":"auto","background-attachment":"scroll","background-type":"","background-media":"","overlay-type":"","overlay-color":"","overlay-gradient":""}},"footnotes":""},"class_list":["post-1177","page","type-page","status-publish","hentry"],"uagb_featured_image_src":{"full":false,"thumbnail":false,"medium":false,"medium_large":false,"large":false,"1536x1536":false,"2048x2048":false},"uagb_author_info":{"display_name":"admin","author_link":"https:\/\/gea-com.hr\/?author=1"},"uagb_comment_info":0,"uagb_excerpt":"Projekt je sufinancirala Europska unija iz Europskog fonda za regionalni razvoj Naziv projekta Iskoristivost beta glukana i drugih imunomodulatora iz ostataka \u0161ampinjona i industrijske konoplje u ekolo\u0161kom uzgoju \u017eivotinja i ponudi njihovih produkata za ljudsku prehranu Kod projekta KK.01.2.1.02.0293 Korisnik: GEA-COM d.o.o. Partner: Sveu\u010dili\u0161te u Zagrebu Veterinarski fakultet Kratki opis projekta Realizacija projekta omogu\u0107ila je&hellip;","_links":{"self":[{"href":"https:\/\/gea-com.hr\/index.php?rest_route=\/wp\/v2\/pages\/1177","targetHints":{"allow":["GET"]}}],"collection":[{"href":"https:\/\/gea-com.hr\/index.php?rest_route=\/wp\/v2\/pages"}],"about":[{"href":"https:\/\/gea-com.hr\/index.php?rest_route=\/wp\/v2\/types\/page"}],"author":[{"embeddable":true,"href":"https:\/\/gea-com.hr\/index.php?rest_route=\/wp\/v2\/users\/1"}],"replies":[{"embeddable":true,"href":"https:\/\/gea-com.hr\/index.php?rest_route=%2Fwp%2Fv2%2Fcomments&post=1177"}],"version-history":[{"count":14,"href":"https:\/\/gea-com.hr\/index.php?rest_route=\/wp\/v2\/pages\/1177\/revisions"}],"predecessor-version":[{"id":1199,"href":"https:\/\/gea-com.hr\/index.php?rest_route=\/wp\/v2\/pages\/1177\/revisions\/1199"}],"wp:attachment":[{"href":"https:\/\/gea-com.hr\/index.php?rest_route=%2Fwp%2Fv2%2Fmedia&parent=1177"}],"curies":[{"name":"wp","href":"https:\/\/api.w.org\/{rel}","templated":true}]}}