{"id":8,"date":"2020-08-19T07:13:19","date_gmt":"2020-08-19T07:13:19","guid":{"rendered":"http:\/\/gea-com.hr\/index.php\/testimonials\/"},"modified":"2023-12-19T22:30:37","modified_gmt":"2023-12-19T22:30:37","slug":"povijest_gljiva","status":"publish","type":"page","link":"https:\/\/gea-com.hr\/?page_id=8","title":{"rendered":"Povijest Gljiva"},"content":{"rendered":"\n<div class=\"wp-block-uagb-container uagb-block-5c4446b2 alignfull uagb-is-root-container\"><div class=\"uagb-container-inner-blocks-wrap\">\n<div class=\"wp-block-uagb-info-box uagb-block-20914c43 uagb-infobox__content-wrap  uagb-infobox-icon-above-title uagb-infobox-image-valign-top\"><div class=\"uagb-ifb-content\"><div class=\"uagb-ifb-title-wrap\"><div class=\"uagb-ifb-separator\"><\/div><h1 class=\"uagb-ifb-title\">Povijest Gljiva<\/h1><\/div><\/div><\/div>\n\n\n\n<div class=\"wp-block-uagb-advanced-heading uagb-block-3efaf7f4\"><\/div>\n<\/div><\/div>\n\n\n\n<div class=\"wp-block-uagb-container uagb-block-7439be88 alignfull uagb-is-root-container\"><div class=\"uagb-container-inner-blocks-wrap\">\n<div class=\"wp-block-uagb-container uagb-block-3a9b6f87\">\n<div class=\"wp-block-uagb-info-box uagb-block-9c86cd4a uagb-infobox__content-wrap  uagb-infobox-icon-above-title uagb-infobox-image-valign-top\"><div class=\"uagb-ifb-content\"><div class=\"uagb-ifb-title-wrap\"><span class=\"uagb-ifb-title-prefix\">Gljive su najrasprostranjeniji \u017eivi organizmi na zemlji i ima ih mnogo vrsta.<br>Osnovna njihova podjela je na jestive i nejestive i one koje su prikladne za ljudsku prehranu se koriste\u00a0 tisu\u0107ama godina u svakodnevnoj pripremi hrane.<br>Gljive su vrlo \u010desto spominjane u mitologiji<br>Posebno su ih cijenili stari Egip\u0107ani,Grci i Rimljani i smatrali su ih \u00a0namirnicom besmrtnosti.<br>Dapa\u010de nazivali su ih carskom hranom i hranom bogova.<br>Nauka o gljivama se zove mikologija po gr\u0107kim rije\u010dima mykes-gljiva i logos-nauka.<\/span><\/div><\/div><\/div>\n<\/div>\n\n\n\n<div class=\"wp-block-uagb-container uagb-block-f2435669\">\n<div class=\"wp-block-uagb-image uagb-block-d7b25d45 wp-block-uagb-image--layout-default wp-block-uagb-image--effect-static wp-block-uagb-image--align-none\"><figure class=\"wp-block-uagb-image__figure\"><img decoding=\"async\" srcset=\"https:\/\/gea-com.hr\/wp-content\/uploads\/2023\/12\/IMG_20210316_124434-1024x768.jpg ,https:\/\/gea-com.hr\/wp-content\/uploads\/2023\/12\/IMG_20210316_124434.jpg 780w, https:\/\/gea-com.hr\/wp-content\/uploads\/2023\/12\/IMG_20210316_124434.jpg 360w\" sizes=\"auto, (max-width: 480px) 150px\" src=\"https:\/\/gea-com.hr\/wp-content\/uploads\/2023\/12\/IMG_20210316_124434-1024x768.jpg\" alt=\"\" class=\"uag-image-128\" width=\"1024\" height=\"768\" title=\"\" loading=\"lazy\"\/><\/figure><\/div>\n<\/div>\n<\/div><\/div>\n\n\n\n<div class=\"wp-block-uagb-container uagb-block-3f207ac5 alignfull uagb-is-root-container\"><div class=\"uagb-container-inner-blocks-wrap\">\n<div class=\"wp-block-uagb-container uagb-block-d694c010\">\n<div class=\"wp-block-uagb-image uagb-block-fe1fd8f3 wp-block-uagb-image--layout-default wp-block-uagb-image--effect-static wp-block-uagb-image--align-none\"><figure class=\"wp-block-uagb-image__figure\"><img decoding=\"async\" srcset=\"https:\/\/gea-com.hr\/wp-content\/uploads\/2023\/12\/R.png ,https:\/\/gea-com.hr\/wp-content\/uploads\/2023\/12\/R.png 780w, https:\/\/gea-com.hr\/wp-content\/uploads\/2023\/12\/R.png 360w\" sizes=\"auto, (max-width: 480px) 150px\" src=\"https:\/\/gea-com.hr\/wp-content\/uploads\/2023\/12\/R.png\" alt=\"\" class=\"uag-image-1129\" width=\"600\" height=\"537\" title=\"\" loading=\"lazy\"\/><\/figure><\/div>\n<\/div>\n\n\n\n<div class=\"wp-block-uagb-container uagb-block-b3d87bb0\">\n<div class=\"wp-block-uagb-info-box uagb-block-8855ccb1 uagb-infobox__content-wrap  uagb-infobox-icon-above-title uagb-infobox-image-valign-top\"><div class=\"uagb-ifb-content\"><div class=\"uagb-ifb-title-wrap\"><span class=\"uagb-ifb-title-prefix\">Me\u0111u prvim poznatim ljudima iz povijesti je gr\u010dki filozof Aristotel koji ih spominje u svojim djelima a tako\u0111er postoji niz drugih poznatih rimskih povjesni\u010dara i pisaca(Tacita,Ovidija,Horacija i Plauta) \u00a0koji su pisali o njima te ih \u00a0osobito cijenili i\u00a0 divili se njihovoj kvaliteti i posebnosti okusa i zna\u010daja u prehrani.<br>\u00a0<br>\u0160ampinjoni su najpopularnija vrsta gljiva i naj\u010de\u0161\u0107e upotrebljavana u svakodnevnoj prehrani \u010dovjeka.<br>Naziv im dolazi od francuske rije\u010di champignon \u0161to zna\u010di gljiva i kolijevka modernog uzgoja i upotrebe \u0161ampinjona u na\u0161em podneblju je Francuska.<br>U 17.stolje\u0107u za vrijeme vladavine Luja XIV po\u010dinje organizirani uzgoj \u0161ampinjona u okolici Pariza u starim rudnicima i kamenolomima gdje je bila idealna temperatura za takvu vrstu gljive, 12.-15 stupnjeva.<br>Kultura proizvodnje \u0161ampinjona je po\u010dela u 18.stolje\u0107u i u ostalim europskim zemljama a po\u010detkom 20 stolje\u0107a i u Americi.<br>\u00a0<br>Danas se najve\u0107a planta\u017ea \u0161ampinjona nalazi upravo u Americi u Pensilvaniji a razvoj proizvodnje se pro\u0161irio na 80 zemalja svijeta.<\/span><div class=\"uagb-ifb-separator\"><\/div><\/div><\/div><\/div>\n<\/div>\n<\/div><\/div>\n","protected":false},"excerpt":{"rendered":"","protected":false},"author":1,"featured_media":0,"parent":0,"menu_order":0,"comment_status":"closed","ping_status":"closed","template":"","meta":{"_eb_attr":"","_uag_custom_page_level_css":"","site-sidebar-layout":"default","site-content-layout":"plain-container","ast-site-content-layout":"normal-width-container","site-content-style":"unboxed","site-sidebar-style":"unboxed","ast-global-header-display":"","ast-banner-title-visibility":"","ast-main-header-display":"","ast-hfb-above-header-display":"","ast-hfb-below-header-display":"","ast-hfb-mobile-header-display":"","site-post-title":"disabled","ast-breadcrumbs-content":"","ast-featured-img":"","footer-sml-layout":"","theme-transparent-header-meta":"enabled","adv-header-id-meta":"","stick-header-meta":"","header-above-stick-meta":"","header-main-stick-meta":"","header-below-stick-meta":"","astra-migrate-meta-layouts":"set","ast-page-background-enabled":"default","ast-page-background-meta":{"desktop":{"background-color":"","background-image":"","background-repeat":"repeat","background-position":"center center","background-size":"auto","background-attachment":"scroll","background-type":"","background-media":"","overlay-type":"","overlay-color":"","overlay-gradient":""},"tablet":{"background-color":"","background-image":"","background-repeat":"repeat","background-position":"center center","background-size":"auto","background-attachment":"scroll","background-type":"","background-media":"","overlay-type":"","overlay-color":"","overlay-gradient":""},"mobile":{"background-color":"","background-image":"","background-repeat":"repeat","background-position":"center center","background-size":"auto","background-attachment":"scroll","background-type":"","background-media":"","overlay-type":"","overlay-color":"","overlay-gradient":""}},"ast-content-background-meta":{"desktop":{"background-color":"var(--ast-global-color-5)","background-image":"","background-repeat":"repeat","background-position":"center center","background-size":"auto","background-attachment":"scroll","background-type":"","background-media":"","overlay-type":"","overlay-color":"","overlay-gradient":""},"tablet":{"background-color":"var(--ast-global-color-5)","background-image":"","background-repeat":"repeat","background-position":"center center","background-size":"auto","background-attachment":"scroll","background-type":"","background-media":"","overlay-type":"","overlay-color":"","overlay-gradient":""},"mobile":{"background-color":"var(--ast-global-color-5)","background-image":"","background-repeat":"repeat","background-position":"center center","background-size":"auto","background-attachment":"scroll","background-type":"","background-media":"","overlay-type":"","overlay-color":"","overlay-gradient":""}},"footnotes":""},"class_list":["post-8","page","type-page","status-publish","hentry"],"uagb_featured_image_src":{"full":false,"thumbnail":false,"medium":false,"medium_large":false,"large":false,"1536x1536":false,"2048x2048":false},"uagb_author_info":{"display_name":"admin","author_link":"https:\/\/gea-com.hr\/?author=1"},"uagb_comment_info":0,"uagb_excerpt":null,"_links":{"self":[{"href":"https:\/\/gea-com.hr\/index.php?rest_route=\/wp\/v2\/pages\/8","targetHints":{"allow":["GET"]}}],"collection":[{"href":"https:\/\/gea-com.hr\/index.php?rest_route=\/wp\/v2\/pages"}],"about":[{"href":"https:\/\/gea-com.hr\/index.php?rest_route=\/wp\/v2\/types\/page"}],"author":[{"embeddable":true,"href":"https:\/\/gea-com.hr\/index.php?rest_route=\/wp\/v2\/users\/1"}],"replies":[{"embeddable":true,"href":"https:\/\/gea-com.hr\/index.php?rest_route=%2Fwp%2Fv2%2Fcomments&post=8"}],"version-history":[{"count":6,"href":"https:\/\/gea-com.hr\/index.php?rest_route=\/wp\/v2\/pages\/8\/revisions"}],"predecessor-version":[{"id":1134,"href":"https:\/\/gea-com.hr\/index.php?rest_route=\/wp\/v2\/pages\/8\/revisions\/1134"}],"wp:attachment":[{"href":"https:\/\/gea-com.hr\/index.php?rest_route=%2Fwp%2Fv2%2Fmedia&parent=8"}],"curies":[{"name":"wp","href":"https:\/\/api.w.org\/{rel}","templated":true}]}}